 0*f - a. What is the remainder when 34 is divided by 47/4 - 1/k?
10
Suppose -8 = -0*t - 2*t, 3*n - 439 = 2*t. What is the remainder when n is divided by 25?
24
Calculate the remainder when (1/(-2))/((-5)/10) is divided by 1.
0
Let k = -97 - -143. What is the remainder when k is divided by 8?
6
Suppose p - 20 = 11. Let b(a) = a**2 + 10*a + 8. What is the remainder when p is divided by b(-10)?
7
Let y = 139 - 92. What is the remainder when y is divided by 12?
11
Let d(c) = -4*c - 25. What is the remainder when d(-11) is divided by 7?
5
Let k = -25 - -35. Suppose 2*m + m + 48 = 0. What is the remainder when (3 - m) + 0/2 is divided by k?
9
Suppose -y + 78 + 72 = 4*s, -3*y + 435 = -3*s. What is the remainder when y is divided by 37?
35
Suppose -8 = 2*m, -3*f + 2*m + 3 = 1. Let t(l) = -6*l**3 - 2*l**2 - l - 1. Calculate the remainder when t(f) is divided by 14.
13
Let h(v) = 5 - v**2 + v + 7*v - 3. Let p(u) = u - 2. Let b be p(8). What is the remainder when 40 is divided by h(b)?
12
Suppose -2*a = -3*u - 10 - 22, u = 2*a - 28. What is the remainder when 76 is divided by a?
11
Let s be (2 - 2)/(1 + 1). Suppose -z = -21 - s. What is the remainder when 60 is divided by z?
18
What is the remainder when 56 is divided by (-2)/6 + 4*(-21)/(-9)?
2
Let c = 27 + -13. What is the remainder when 20 is divided by 102/c + (-2)/7?
6
Let d = 99 - 31. Suppose 2*n - 4*u + 5*u = 35, 0 = 4*n - 3*u - 85. Calculate the remainder when n is divided by d/7 - (-2)/7.
9
Suppose -5*i - 90 = 5. Let k = 2 - i. Calculate the remainder when k is divided by 6.
3
Let o(f) = 16*f**2 + 2*f + 1. Let z(w) = -11*w + 2. Calculate the remainder when z(-5) is divided by o(-1).
12
Let b = 261 + -154. What is the remainder when b is divided by 36?
35
Suppose -2*d = 2*d. Let a = 11 + d. Let q(r) = r**2 + 5*r - 3. What is the remainder when q(3) is divided by a?
10
Let b = 79 - 36. Let m = b - 26. Calculate the remainder when m is divided by 6.
5
Suppose 5*t - 94 = -29. What is the remainder when t is divided by 8?
5
Suppose 0 = -10*s - s + 352. Calculate the remainder when s is divided by 13.
6
Suppose m - 250 = -5*c, -m - 150 = -3*c - 6*m. Suppose -204 = -4*l + 2*b, 275 = 5*l + 5*b + c. Calculate the remainder when l is divided by 17.
15
Suppose -9*l + 8*l + 13 = 0. What is the remainder when 62 is divided by l?
10
Let w be (-1 - 0)/(5/(-425)). Suppose 22 - w = -3*l. What is the remainder when l is divided by 11?
10
Let v(m) = -5*m**3 - 4*m**2 - 4*m - 2. Let j = 4 - 6. Let k be v(j). Suppose 4*z - k = 38. Calculate the remainder when 49 is divided by z.
15
Let z(b) = b**2 + 8*b + 12. Let g be z(-8). Let i = g - 7. Suppose -i*h = -2*h - 21. Calculate the remainder when 11 is divided by h.
4
Suppose s - 7 - 11 = 0. Let x(p) = p**2 + p + 35. Calculate the remainder when x(0) is divided by s.
17
Suppose -2*d + 76 = -d. Suppose 62 = 3*y - d. Calculate the remainder when y is divided by 12.
10
Calculate the remainder when (8/(-12))/((-3)/45) is divided by 3.
1
Let q = 26 - -82. Suppose -4*m + q = -z, -5*m + 103 = 5*z - 7. Calculate the remainder when 50 is divided by m.
24
Suppose 0 = -z - 2*z - 12, 4*z - 38 = -s. Calculate the remainder when s is divided by 20.
14
Let t = 14 + -24. Calculate the remainder when (-134)/t + (-4)/10 is divided by 7.
6
Suppose 0 = 2*x + x - 4*z - 51, 3*z + 9 = 0. Suppose -i + x = -4*b - 2, b = 2*i - 37. What is the remainder when 37 is divided by i?
18
Let a(n) = -3*n**3 - 11*n**2 + 4*n. What is the remainder when a(-6) is divided by 21?
18
Let g be 48/(-18)*(-183)/4. Suppose 2*v = 4*v - g. Calculate the remainder when v is divided by 16.
13
Let g be (0 - -3)*15/9. Suppose -89 = -g*i - 5*c + 141, 0 = 2*i + 4*c - 100. Calculate the remainder when i is divided by 22.
20
Let n(t) = t**3 + 11*t**2 - 13*t - 7. Calculate the remainder when 13 is divided by n(-12).
3
Let h(v) = v**2 - 3*v + 2. Let a be h(2). Suppose a = -0*z - 4*z + 44. Calculate the remainder when 32 is divided by z.
10
Suppose -16 = l + l. Let c = 19 + l. Calculate the remainder when 41 is divided by c.
8
Suppose -3*n + 2 = -10. Let c = -11 + 17. Suppose 3 - c = -h. What is the remainder when n is divided by h?
1
Let t = -14 + 33. Calculate the remainder when 54 is divided by t.
16
Suppose -4*r - 3*c + 27 = -51, 4*c = -2*r + 44. Calculate the remainder when r is divided by 7.
4
Calculate the remainder when (3 - 16/(-2)) + 2 is divided by 5.
3
Suppose -2*i + 5*i = 39. Let n = 10 + 12. Let q = -15 + n. Calculate the remainder when i is divided by q.
6
Let j be (-141)/(-12) + 2/8. Let n = -10 + j. Suppose 2*p - 2*g = -4*g + 10, 2*p + 5*g - 10 = 0. What is the remainder when p is divided by n?
1
Let r = 128 + -54. Let c = r + -41. Suppose -4*n - 3*g + 51 = 0, 4*g - g = -2*n + c. Calculate the remainder when n is divided by 4.
1
Suppose -5*h + 36 = -h. What is the remainder when 44 is divided by h?
8
Let t be 6/(-21) - 886/(-14). Let f = t - 25. Calculate the remainder when f is divided by (-9 - 1)*-1 + 0.
8
Suppose 0 = 4*m - 5*c - 28, 0 = -5*m - 5*c - 3 - 7. Suppose -m*a = 3*a + 25. Let w = -1 - a. Calculate the remainder when 6 is divided by w.
2
Let n = -6 + 18. Calculate the remainder when 47 is divided by n.
11
Let d = 49 - -12. What is the remainder when d is divided by 32?
29
Let h(u) = u**3 + 13*u**2 + 14*u + 28. Let r(b) = -b**2 - 13*b - 5. Calculate the remainder when r(-12) is divided by h(-12).
3
Let f = 27 - 25. Calculate the remainder when 21 is divided by f.
1
Let r(k) = -k**3 - 2*k**2 - 3*k - 3. Let x be r(-2). Suppose q - 2*q = -x. What is the remainder when 4 is divided by q?
1
Let b(g) = 4 + 0 + 3*g**2 + 3*g - g**2. Let p = 3 - 6. Calculate the remainder when 25 is divided by b(p).
12
Let h(a) = -a**2 - 19*a + 6. Calculate the remainder when h(-18) is divided by 13.
11
Let y(n) = n + 10. Let s(i) = -4*i - 4. Let g be s(-3). What is the remainder when y(0) is divided by ((-18)/g)/((-3)/8)?
4
Let p = 19 - 2. What is the remainder when 32 is divided by p?
15
Let r = -19 + 12. Let f(y) = y**3 + 9*y**2 - 3*y - 2. What is the remainder when f(r) is divided by 30?
27
Suppose -14*i - 5 = -33. Calculate the remainder when (-1)/(0 + (-1)/2) is divided by i.
0
Suppose 0 = -11*k - 25 + 80. Suppose 4*q = 5*o + 21, 0*q - 2 = -q - 2*o. What is the remainder when k is divided by q?
1
Let g(s) = 4 + 0*s - 4*s + 0. Let d be g(3). Let v(j) = j + 11. Calculate the remainder when 4 is divided by v(d).
1
Let v be (-6)/4*(-10)/3. Suppose v*z = 5*q + 70, -4*z - 13 = 2*q + 27. Let s = -5 - q. Calculate the remainder when 20 is divided by s.
9
Let q = -3 - -5. Suppose 3*l + q*l - 45 = 0. What is the remainder when l is divided by (-10)/(-4)*6/3?
4
Let m(r) = -r**2 + r + 14. Let l be (-2)/(-6)*0/2. Let p(k) = -k**2 + 8*k + 5. What is the remainder when m(l) is divided by p(8)?
4
Suppose 62 - 2 = -5*m. Calculate the remainder when (-46)/(-8) + (-3)/m is divided by 2.
0
Let n = -23 + 95. Suppose 12*r - n = 8*r. What is the remainder when 69 is divided by r?
15
Let n be (1/(-3))/(3/(-81)). Suppose 3*w - 24 + n = 0. What is the remainder when 13 is divided by w?
3
Suppose y + 4*y - 25 = 0. Suppose 3*q - 63 = -0*o + 4*o, y*q - 82 = -o. Calculate the remainder when q is divided by 9.
8
Suppose v + 5 = 19. Suppose 0 = 5*z - t - t, -2*t = 2*z - v. What is the remainder when (-2 - (-30 - z))/1 is divided by 16?
14
Suppose -19 - 5 = 2*c + 5*j, 0 = -2*c + 3*j + 8. Let a = -2 - c. Let l = 4 + a. What is the remainder when 11 is divided by l?
3
Let s(j) = 3*j**3 - 6*j**2 + 2*j + 5. Let w be s(4). Suppose 0 = 4*k - 75 - w. What is the remainder when k is divided by 16?
14
Let a(j) = j**3 - 6*j**2 - 7*j + 1. Let p be a(7). Suppose 0 = -s + 7 + p. Let h(r) = -4*r - 9. Calculate the remainder when h(-6) is divided by s.
7
What is the remainder when (-1 + -3 - -5)*97 is divided by 25?
22
Let z = -3 + 10. Let m(f) = -f + 1. Let x(s) = s**2 - 2*s - 8. Let y(g) = -4*m(g) + x(g). What is the remainder when y(-6) is divided by z?
5
Suppose -2*l = -l - s - 6, 0 = -4*s + 8. Suppose 3*y - l = 2*y. Calculate the remainder when y is divided by (1 - -1 - 2) + 3.
2
Let y(k) = k + 25. Calculate the remainder when y(14) is divided by 8.
7
Let q = 2 - -16. Let v be (1 + 9/(-6))*-10. Suppose -4*j = v*o - 160, -2*j + 3 + 63 = -o. What is the remai